{"id":496,"date":"2024-09-18T13:02:38","date_gmt":"2024-09-18T13:02:38","guid":{"rendered":"https:\/\/agatagajewska.stronazen.pl\/?post_type=product&#038;p=496"},"modified":"2024-09-18T13:02:56","modified_gmt":"2024-09-18T13:02:56","slug":"suplementacja-z-glowa","status":"publish","type":"product","link":"https:\/\/agatagajewska.stronazen.pl\/index.php\/produkt\/suplementacja-z-glowa\/","title":{"rendered":"Suplementacja z g\u0142ow\u0105"},"content":{"rendered":"<p dir=\"ltr\">Ebook \u201eSuplementacja z g\u0142ow\u0105\u201d \u2013 Twoja droga do lepszego zdrowia i samopoczucia!<\/p>\n<p dir=\"ltr\">Chcesz wzmocni\u0107 odporno\u015b\u0107, poprawi\u0107 samopoczucie i zadba\u0107 o zdrowie w \u015bwiadomy spos\u00f3b? Z naszym ebookiem \u201eSuplementacja z g\u0142ow\u0105\u201d zyskasz niezb\u0119dn\u0105 wiedz\u0119, kt\u00f3ra pomo\u017ce Ci wybra\u0107 odpowiednie suplementy i maksymalnie wykorzysta\u0107 ich potencja\u0142.<\/p>\n<p dir=\"ltr\">Dlaczego warto si\u0119gn\u0105\u0107 po \u201eSuplementacj\u0119 z g\u0142ow\u0105\u201d?<\/p>\n<p dir=\"ltr\">\u2713\u015awiadomy wyb\u00f3r suplement\u00f3w<\/p>\n<p dir=\"ltr\">Dowiesz si\u0119, kt\u00f3re suplementy s\u0105 kluczowe dla Twojego zdrowia i jak bezpiecznie je stosowa\u0107, unikaj\u0105c niepotrzebnych b\u0142\u0119d\u00f3w.<\/p>\n<p dir=\"ltr\">\u2713Kompleksowy przewodnik<\/p>\n<p dir=\"ltr\">Szczeg\u00f3\u0142owo omawiamy najwa\u017cniejsze witaminy i minera\u0142y, takie jak magnez, cynk, witamina D3, Omega 3 i wiele innych, kt\u00f3re wspieraj\u0105 r\u00f3\u017cne aspekty Twojego zdrowia \u2013 od odporno\u015bci po prac\u0119 serca.<\/p>\n<p dir=\"ltr\">\u2713Indywidualnie dobrana suplementacja<\/p>\n<p dir=\"ltr\">Nauczysz si\u0119 dobiera\u0107 suplementy do swoich indywidualnych potrzeb, uwzgl\u0119dniaj\u0105c styl \u017cycia, diet\u0119 i stan zdrowia.<\/p>\n<p dir=\"ltr\">\u2713Praktyczne porady<\/p>\n<p dir=\"ltr\">Nie tylko poznasz w\u0142a\u015bciwo\u015bci suplement\u00f3w, ale dowiesz si\u0119 r\u00f3wnie\u017c, jak wprowadzi\u0107 je do codziennej rutyny, by przynosi\u0142y realne efekty.<\/p>\n<p dir=\"ltr\">\u2713Bonusowy rozdzia\u0142 o wodzie<\/p>\n<p dir=\"ltr\">Dowiesz si\u0119, jak du\u017ce znaczenie ma prawid\u0142owe nawodnienie i dlaczego cz\u0119sto jest niedoceniane.<\/p>\n<p dir=\"ltr\">Z ebookiem \u201eSuplementacja z g\u0142ow\u0105\u201d unikniesz przypadkowego kupowania suplement\u00f3w i zyskasz pewno\u015b\u0107, \u017ce wybierasz tylko to, co naprawd\u0119 dzia\u0142a \u2013 na podstawie rzetelnej wiedzy.<\/p>\n","protected":false},"excerpt":{"rendered":"<p>Ebook \u201eSuplementacja z g\u0142ow\u0105\u201d \u2013 Twoja droga do lepszego zdrowia i samopoczucia! Chcesz wzmocni\u0107 odporno\u015b\u0107, poprawi\u0107 samopoczucie i zadba\u0107 o zdrowie w \u015bwiadomy spos\u00f3b? Z naszym ebookiem \u201eSuplementacja z g\u0142ow\u0105\u201d zyskasz niezb\u0119dn\u0105 wiedz\u0119, kt\u00f3ra pomo\u017ce Ci wybra\u0107 odpowiednie suplementy i maksymalnie wykorzysta\u0107 ich potencja\u0142. Dlaczego warto si\u0119gn\u0105\u0107 po \u201eSuplementacj\u0119 z g\u0142ow\u0105\u201d? \u2713\u015awiadomy wyb\u00f3r suplement\u00f3w Dowiesz [&hellip;]<\/p>\n","protected":false},"featured_media":498,"comment_status":"open","ping_status":"closed","template":"","meta":[],"product_brand":[],"product_cat":[15],"product_tag":[],"class_list":{"0":"post-496","1":"product","2":"type-product","3":"status-publish","4":"has-post-thumbnail","6":"product_cat-bez-kategorii","8":"first","9":"instock","10":"downloadable","11":"shipping-taxable","12":"purchasable","13":"product-type-simple"},"_links":{"self":[{"href":"https:\/\/agatagajewska.stronazen.pl\/index.php\/wp-json\/wp\/v2\/product\/496"}],"collection":[{"href":"https:\/\/agatagajewska.stronazen.pl\/index.php\/wp-json\/wp\/v2\/product"}],"about":[{"href":"https:\/\/agatagajewska.stronazen.pl\/index.php\/wp-json\/wp\/v2\/types\/product"}],"replies":[{"embeddable":true,"href":"https:\/\/agatagajewska.stronazen.pl\/index.php\/wp-json\/wp\/v2\/comments?post=496"}],"wp:featuredmedia":[{"embeddable":true,"href":"https:\/\/agatagajewska.stronazen.pl\/index.php\/wp-json\/wp\/v2\/media\/498"}],"wp:attachment":[{"href":"https:\/\/agatagajewska.stronazen.pl\/index.php\/wp-json\/wp\/v2\/media?parent=496"}],"wp:term":[{"taxonomy":"product_brand","embeddable":true,"href":"https:\/\/agatagajewska.stronazen.pl\/index.php\/wp-json\/wp\/v2\/product_brand?post=496"},{"taxonomy":"product_cat","embeddable":true,"href":"https:\/\/agatagajewska.stronazen.pl\/index.php\/wp-json\/wp\/v2\/product_cat?post=496"},{"taxonomy":"product_tag","embeddable":true,"href":"https:\/\/agatagajewska.stronazen.pl\/index.php\/wp-json\/wp\/v2\/product_tag?post=496"}],"curies":[{"name":"wp","href":"https:\/\/api.w.org\/{rel}","templated":true}]}}